3*v - 13, -5*i = -v + 43. Let j(b) = b**3 + 8*b**2 - b. Determine j(i).
8
Let y be (-14)/6 - 2/3. Let p = y - 0. Let n(s) = -9*s**2 - 4*s - 11. Let v(f) = 5*f**2 + 2*f + 6. Let i(l) = -4*n(l) - 7*v(l). Give i(p).
5
Let y be 1*(1*-6 + 14 + -1). Let d(q) = q**3 - 7*q**2 - q + 7. What is d(y)?
0
Let t(d) = -17*d**2 + d + 2. Let r(z) = -51*z**2 + 3*z + 7. Suppose 0*s + 2*q - 17 = s, -25 = -5*q. Let y(h) = s*t(h) + 2*r(h). Calculate y(-1).
18
Let n(x) = -5*x**2 + 3 + 14 + x**3 - 14 - 5*x. Suppose w = -3*w + 2*a + 14, w - 26 = -4*a. Determine n(w).
9
Let v(y) = 4*y**3 - 8*y**2 + 8*y - 8. Let l(q) = 5*q**3 - 9*q**2 + 10*q - 7. Let f(x) = 3*l(x) - 4*v(x). Calculate f(5).
1
Let m(x) be the first derivative of -x**2 - 12*x - 196. Give m(-8).
4
Let q be ((-2)/4)/((-5)/60) + -5. Let o(f) = 5*f**2 + 1. Calculate o(q).
6
Let x(h) = 3*h + 52. Suppose 4*t + 18 = -5*r + 3*r, r + 18 = t. Let g be x(r). Let m(v) = v**2 - 7*v + 9. Give m(g).
9
Let z = 36 + 15. Let y be 6/(-9)*(1458/(-4))/9. Let x(k) = -z*k + y*k + 23*k + 7. Determine x(-5).
12
Let h(a) be the first derivative of a**2/2 - 7*a + 65. Let k = 1 + -1. Determine h(k).
-7
Let r = 6 - 7. Let l(y) = 3*y**3 - y**2 + 6*y - 1. Let g(t) = -t - 40 + 40. Let j(i) = r*l(i) - 5*g(i). Calculate j(1).
-2
Let z be ((-2)/(-6)*0)/1. Let o(t) = -4*t + z - 3*t + 2 + 0*t**2 + t**2. Determine o(8).
10
Let q(c) = -1 - 4 - 3*c + 9. What is q(8)?
-20
Let q = 32 + -13. Let j = -13 + q. Suppose j = 2*x, -2*p - 3*x = -4*x + 11. Let o(m) = m**3 + 6*m**2 + 5*m - 4. Calculate o(p).
8
Let s(w) be the third derivative of -1/2*w**3 + 0*w + 0 - 1/8*w**4 + 1/60*w**5 + 1/120*w**6 - 11*w**2. Let q = -5 + 2. Give s(q).
-12
Let g(t) = 2*t**2 - 4*t - 1. Let q be g(3). Suppose j + 6 - 2 = -5*s, 0 = q*j + s + 20. Let x be 5/20 + 1/j. Let u(p) = p**2 - p + 4. What is u(x)?
4
Let g(k) = 6*k**3 - 4*k**2 + 4*k + 1. Let j(l) = -18*l**3 + 13*l**2 - 13*l - 4. Let o = 22 - 20. Let q(v) = o*j(v) + 7*g(v). Determine q(1).
5
Let f(k) be the third derivative of -k**6/120 + 11*k**5/60 + k**4/6 + k**3/2 - 664*k**2. Give f(11).
47
Let u(f) = -f - 6. Let y be 3/24*2 + 234/24. Let g(q) = 3*q - 37. Let v be g(y). Calculate u(v).
1
Let f(g) be the first derivative of -4/3*g**3 - 7/2*g**2 + 13 + 6*g + 1/4*g**4. What is f(5)?
-4
Let z be 2/4*(-12)/(-2). Let c(r) = 0 - 3 - z + 4 + r. Let k be c(6). Let a(u) = u**2 - 4*u - 1. Determine a(k).
-1
Suppose 3*c = -0*c - 5*q + 25, q = 5*c - 23. Let h be (4/c)/((-1)/(-5)). Let i(l) = l**3 - 29*l - h - 4*l**2 + 26*l + 3. What is i(5)?
9
Let r(m) = -2*m + 2. Let a(c) = 16*c + 2. Let g be a(-2). Let k(z) = 4*z - 30. Let u be k(6). Let p be u/(-4) + g/(-20). Give r(p).
-4
Let f(i) = 2*i + 4. Let m be f(-1). Let o(q) = 7*q**3 - 8*q**3 - 24*q + 4*q**m + 21*q. Determine o(4).
-12
Let l(x) = -2*x - 9. Suppose 4*c + 19 = f + 15, 5*f + 10 = 5*c. Give l(f).
-1
Let i(t) = t**2 - 7*t + 4. Let l be -4 - ((-1 - 1) + -12 - -2). Suppose -l*w + 5*w = -3*k - 15, 0 = 3*w + k - 19. Calculate i(w).
-2
Let a(b) = -1 - 2 - 4*b + 2. Let h = -11932 + 11934. Give a(h).
-9
Let o(q) = -3*q**3 - 20*q**2 - 7*q - 5. Let y(c) = -2*c**3 - 11*c**2 - 3*c - 3. Let h(p) = 3*o(p) - 5*y(p). What is h(6)?
0
Let u(b) = -b**3 - 8*b**2 - 14*b - 9. Let o be u(-6). Let x(i) = 0*i + 7 + i**o - 5 - 51*i**2 - i + 50*i**2. Give x(3).
17
Let p(b) = -5*b - 1. Suppose -19*v + 20*v = -6. Let k be v/2*48/18. Let m = k - -9. Calculate p(m).
-6
Let j(s) = s - 11. Let u(b) = -b**2 - 9*b - 3. Let l be u(-6). Let d be (-9)/45 + 108/l. Give j(d).
-4
Let u = 22 + -17. Suppose 3*h = 5*l - 27, -3 + 14 = l + u*h. Let g(v) = 9*v + 12. Let o(j) = -10*j - 13. Let x(q) = l*g(q) + 5*o(q). Give x(-5).
-13
Let f(w) = -3. Let y(m) = -2*m + 3. Let s(r) = -3*f(r) - 4*y(r). Determine s(4).
29
Let k be 30/(-20)*(-4 - -2). Let i(u) = 12*u - 3. Determine i(k).
33
Let t(f) be the third derivative of 13*f**4/24 - f**3/2 + 9*f**2 - 14*f. Determine t(2).
23
Let t(w) = 2*w**3 - 5*w**2 - 3*w - 3. Let y be t(3). Let x(o) = -o**3 - 3*o**2 - 2*o - 4. Give x(y).
2
Suppose 34 + 15 = 7*k. Suppose -2*f + 8 = 34. Let b = k + f. Let z(y) = -y - 8. Give z(b).
-2
Let l(q) = 3*q**3 + q - 1. Let f be l(1). Suppose f*x - 11 = -2*t + t, 0 = 5*t + 5*x - 15. Let n(r) be the first derivative of 2*r**3/3 - 48. Give n(t).
2
Let u(v) = -2*v**3 + 3*v**2 + 6*v + 4. Let y be u(4). Let n be (-200)/y - (-1)/(52/8). Let h(f) = f**2 - 6*f + 5. What is h(n)?
-3
Suppose -1 = -c - z, -29*c - 3*z = -32*c + 27. Let v(m) = m - m + m - 1. Calculate v(c).
4
Let a(n) = -n - 3. Suppose 11 = -3*l - 2*k - 4, 27 = -5*l - 4*k. Let r be a(l). Suppose -4*p + r*p = 0. Let d(v) = -v**2 + v - 3. Determine d(p).
-3
Let b = 61 - 57. Let l = -5 + 4. Let m(x) = -x + 1. Let z(t) = -5*t + 4. Let o(h) = b*m(h) + l*z(h). Give o(-4).
-4
Let v(h) = -63 + 125 - h**2 - 67 - 9*h. Determine v(-7).
9
Let b(h) = 26 - 41 - 6*h + 2*h + 21 + 5*h. What is b(-15)?
-9
Let j(i) = -i**2 + 14*i - 6. Let q be j(13). Let t be 3/(q/(-5) + 2). Let k(x) = -2*x - 6 + 3*x + 0. Calculate k(t).
-1
Let b(k) be the first derivative of k**4/12 - 3*k**2 - 24*k + 46. Let o(r) be the first derivative of b(r). Calculate o(0).
-6
Let i = 53 - 44. Let d(z) = 11*z - 13*z + 4*z + i. Give d(-7).
-5
Suppose -2 = -2*u - 8. Let j(s) = s**2 + 1. Let l(r) = 9 - 3*r + 7*r + 6*r**2 - r. Let g(x) = 5*j(x) - l(x). Give g(u).
-4
Let h(o) = 22*o + 2. Let d(r) = 35*r + 4. Let c(q) = 5*d(q) - 8*h(q). Give c(-10).
14
Let r(t) = 5*t - 40. Let u(m) = -4*m + 29. Let n(p) = 3*r(p) + 4*u(p). Let f(y) = -y**2 + 1. Let v be f(-1). Give n(v).
-4
Let y(n) = n**3 - 2*n**2 - 5*n - 6. Let o be y(4). Let v(c) = -c**2 + 7*c + 2. What is v(o)?
8
Let p(a) = -5*a + 10. Let w(f) = 9*f - 20. Let c(b) = 11*p(b) + 6*w(b). Let k = -16 + 9. Calculate c(k).
-3
Let j(n) be the third derivative of 0*n + 1/8*n**4 - 1/360*n**6 + 7*n**2 - 2/3*n**3 - 7/120*n**5 + 0. Let g(r) be the first derivative of j(r). Calculate g(-7).
3
Let r(p) = 2*p**2 - 6*p - 7. Let k = 709 - 702. Determine r(k).
49
Let y(m) = m**2 + m - 1. Let o = -71 - -222. Suppose -3*t - o = -40. Let s = 36 + t. What is y(s)?
-1
Let d be -3*2/6 - -4. Let l(m) be the first derivative of m**4/4 - 5*m**3/3 + 3*m**2/2 + 8. Determine l(d).
-9
Let t(x) = x**3 - 3*x**2 - 8*x + 10. Let y be t(4). Let i(h) = h**3 + 6*h**2 + 6*h - 2. What is i(y)?
-38
Let d(r) = r**2 - 25*r - 22. Let x(i) = -i**2 + 27*i + 23. Let m(h) = 5*d(h) + 4*x(h). What is m(17)?
-18
Let v(l) = -l - 1. Suppose -3*i + 12 = r, -3*i - i = -r - 2. Suppose -r*z = -z - 200. Suppose 3*x - 35 = 4*q, 0*q - z = 5*q - 3*x. Give v(q).
4
Let h = 104 + -107. Let c be ((-8)/4)/(h/(-6)). Let n(m) = m**3 + 5*m**2 - 5. What is n(c)?
11
Suppose 16 = -j + 20. Let r be j/3 + (-80)/24. Let t(b) = 3*b**2 - b. Calculate t(r).
14
Let i be (-2 - 1)/(3/3). Let n(u) = -3*u - 4. Let q be n(i). Let b(y) = 49971*y - 49973*y + 0 + 3. Determine b(q).
-7
Let v(c) = -10*c - 1 + 3 + 11*c + 3*c + 4*c**2. Let f(k) = -3*k**3 - k**2 + 2*k. Let h be f(1). Give v(h).
10
Let x(j) = 3*j**2 + 16*j - 11. Suppose 5*h = 25, 20*w - 17*w + 43 = 5*h. Calculate x(w).
1
Let b(h) be the first derivative of -h - 1/2*h**2 - 3. Determine b(-1).
0
Let o(n) = 3*n + 2. Let m be o(0). Let p(g) = 31*g**m - 30*g**2 + 1 - 4 - g - g. Give p(4).
5
Let y be -1 + -1 + 4/(-2). Let w(x) be the third derivative of x**5/60 + x**4/8 + x**3/2 + 7*x**2 + 2. Determine w(y).
7
Let j(k) = -k**3 - 4*k**2 + k + 5. Let h(y) = y - 9. Let p be h(9). Let m = p + -4. Determine j(m).
1
Let k(l) = 2*l - 10. Let x = 30 + -24. Let a be k(x). Let o(f) = -5*f**a + 2*f**2 + f**3 + 4*f**2 + f**2 + f - 3. What is o(-3)?
-15
Let i(w) = -4*w**3 - 21*w**2 - 41*w - 2. Let l be i(-2). Let m(u) = 2*u**2 - 56*u - 9. Give m(l).
-9
Let y be ((-16)/(-20))/(2/5). Let w(s) = 4*s**3 - 3*s**3 + s**2 - s**2 + s**y + 1 - s. Let m(t) = t**3 - 3*t**2 - 3*t - 4. Let p be m(4). Give w(p).
1
Let l(c) = c**3 - 3*c**2 - 5*c - 4. Suppose 65 = -5*a + 85. Give l(a).
-8
Let p(t) = t**3 + 8*t**2 - 9*t + 7. Let q(n) = -2*n**3 - 9*n**2 + 11*n - 7. Let h(l) = -3*p(l) - 2*q(l). Determine h(6).
23
Let s(a) = a + 20. Suppose 1181*n - 1175*n + 72 = 0. Calculate s(n).
8
Suppose -j + 5 = 1. Suppose -j*o = -3*s + 43, -2*s + 2*o = 5*o - 40. Let p = 21 - s. Let z(m) = -m**2 + 4*m + 4. What is z(p)?
4
Let v(g) = 33*g - 3. Let z(s) = -8*s + 1.